{"id":61,"date":"2023-06-27T19:48:44","date_gmt":"2023-06-27T17:48:44","guid":{"rendered":"https:\/\/www.malermeister-leicht.de\/?page_id=61"},"modified":"2023-09-03T16:03:10","modified_gmt":"2023-09-03T14:03:10","slug":"bodenlegearbeiten","status":"publish","type":"page","link":"https:\/\/www.malermeister-leicht.de\/?page_id=61","title":{"rendered":"Bodenlegearbeiten"},"content":{"rendered":"\n<div style=\"height:30px\" aria-hidden=\"true\" class=\"wp-block-spacer\"><\/div>\n\n\n\n<p class=\"has-white-background-color has-background\">Wir sind Ihr kompetenter Partner f\u00fcr professionelle Bodenlegearbeiten. Egal, ob Sie einen neuen Bodenbelag f\u00fcr Ihr Zuhause, Ihr B\u00fcro oder Ihre Gesch\u00e4ftsr\u00e4ume ben\u00f6tigen, wir stehen Ihnen mit unserer langj\u00e4hrigen Erfahrung und unserem Fachwissen zur Seite.<br>Wir sind spezialisiert auf die Verlegung verschiedener Bodenbel\u00e4ge, darunter Laminat, Vinyl, Teppichboden, Fliesen, Design Bodenbel\u00e4ge und viele weitere Materialien. Wir legen gro\u00dfen Wert auf Qualit\u00e4t und Pr\u00e4zision bei unserer Arbeit, um sicherzustellen, dass Ihr neuer Boden nicht nur \u00e4sthetisch ansprechend, sondern auch langlebig und funktional ist. Wir beraten Sie gerne bei der Auswahl des passenden Bodenbelags, basierend auf Ihren Bed\u00fcrfnissen, dem Raumklima und Ihrem Budget.<br>Unser Ziel ist es, Ihnen eine ma\u00dfgeschneiderte L\u00f6sung zu bieten, die perfekt zu Ihrem Wohn- oder Arbeitsumfeld passt.<\/p>\n\n\n\n<div style=\"height:30px\" aria-hidden=\"true\" class=\"wp-block-spacer\"><\/div>\n\n\n\n<div class=\"wp-block-columns is-layout-flex wp-container-core-columns-is-layout-28f84493 wp-block-columns-is-layout-flex\">\n<div class=\"wp-block-column is-layout-flow wp-block-column-is-layout-flow\" style=\"padding-right:var(--wp--preset--spacing--30);padding-left:var(--wp--preset--spacing--30)\">\n<div class=\"wp-block-cover\"><span aria-hidden=\"true\" class=\"wp-block-cover__background has-background-dim-0 has-background-dim\"><\/span><img loading=\"lazy\" decoding=\"async\" width=\"2560\" height=\"1920\" class=\"wp-block-cover__image-background wp-image-70\" alt=\"\" src=\"https:\/\/www.malermeister-leicht.de\/wp-content\/uploads\/2023\/06\/Bodenlegearbeiten2-scaled.jpeg\" data-object-fit=\"cover\" srcset=\"https:\/\/www.malermeister-leicht.de\/wp-content\/uploads\/2023\/06\/Bodenlegearbeiten2-scaled.jpeg 2560w, https:\/\/www.malermeister-leicht.de\/wp-content\/uploads\/2023\/06\/Bodenlegearbeiten2-300x225.jpeg 300w, https:\/\/www.malermeister-leicht.de\/wp-content\/uploads\/2023\/06\/Bodenlegearbeiten2-1024x768.jpeg 1024w, https:\/\/www.malermeister-leicht.de\/wp-content\/uploads\/2023\/06\/Bodenlegearbeiten2-768x576.jpeg 768w, https:\/\/www.malermeister-leicht.de\/wp-content\/uploads\/2023\/06\/Bodenlegearbeiten2-1536x1152.jpeg 1536w, https:\/\/www.malermeister-leicht.de\/wp-content\/uploads\/2023\/06\/Bodenlegearbeiten2-2048x1536.jpeg 2048w\" sizes=\"auto, (max-width: 2560px) 100vw, 2560px\" \/><div class=\"wp-block-cover__inner-container has-global-padding is-layout-constrained wp-block-cover-is-layout-constrained\">\n<div class=\"wp-block-buttons is-content-justification-center is-layout-flex wp-container-core-buttons-is-layout-a89b3969 wp-block-buttons-is-layout-flex\">\n<div class=\"wp-block-button is-style-outline is-style-outline--1\"><a class=\"wp-block-button__link has-white-color has-text-color wp-element-button\" href=\"https:\/\/www.malermeister-leicht.de\/wp-content\/uploads\/2023\/06\/Bodenlegearbeiten2-scaled.jpeg\"><strong>Vergr\u00f6\u00dfern<\/strong><\/a><\/div>\n<\/div>\n<\/div><\/div>\n<\/div>\n\n\n\n<div class=\"wp-block-column is-layout-flow wp-block-column-is-layout-flow\">\n<div class=\"wp-block-cover is-light\" style=\"padding-right:var(--wp--preset--spacing--30);padding-left:var(--wp--preset--spacing--30)\"><span aria-hidden=\"true\" class=\"wp-block-cover__background has-background-dim-0 has-background-dim\"><\/span><img loading=\"lazy\" decoding=\"async\" width=\"1920\" height=\"2560\" class=\"wp-block-cover__image-background wp-image-69\" alt=\"\" src=\"https:\/\/www.malermeister-leicht.de\/wp-content\/uploads\/2023\/06\/Bodenlegearbeiten-scaled.jpeg\" data-object-fit=\"cover\" srcset=\"https:\/\/www.malermeister-leicht.de\/wp-content\/uploads\/2023\/06\/Bodenlegearbeiten-scaled.jpeg 1920w, https:\/\/www.malermeister-leicht.de\/wp-content\/uploads\/2023\/06\/Bodenlegearbeiten-225x300.jpeg 225w, https:\/\/www.malermeister-leicht.de\/wp-content\/uploads\/2023\/06\/Bodenlegearbeiten-768x1024.jpeg 768w, https:\/\/www.malermeister-leicht.de\/wp-content\/uploads\/2023\/06\/Bodenlegearbeiten-1152x1536.jpeg 1152w, https:\/\/www.malermeister-leicht.de\/wp-content\/uploads\/2023\/06\/Bodenlegearbeiten-1536x2048.jpeg 1536w\" sizes=\"auto, (max-width: 1920px) 100vw, 1920px\" \/><div class=\"wp-block-cover__inner-container has-global-padding is-layout-constrained wp-container-core-cover-is-layout-ff778368 wp-block-cover-is-layout-constrained\">\n<div class=\"wp-block-buttons is-content-justification-center is-layout-flex wp-container-core-buttons-is-layout-a89b3969 wp-block-buttons-is-layout-flex\">\n<div class=\"wp-block-button is-style-outline is-style-outline--2\"><a class=\"wp-block-button__link has-white-color has-text-color wp-element-button\" href=\"https:\/\/www.malermeister-leicht.de\/wp-content\/uploads\/2023\/06\/Bodenlegearbeiten-scaled.jpeg\"><strong>Vergr\u00f6\u00dfern<\/strong><\/a><\/div>\n<\/div>\n<\/div><\/div>\n<\/div>\n<\/div>\n\n\n\n<div style=\"height:30px\" aria-hidden=\"true\" class=\"wp-block-spacer\"><\/div>\n","protected":false},"excerpt":{"rendered":"<p>Wir sind Ihr kompetenter Partner f\u00fcr professionelle Bodenlegearbeiten. Egal, ob Sie einen neuen Bodenbelag f\u00fcr Ihr Zuhause, Ihr B\u00fcro oder Ihre Gesch\u00e4ftsr\u00e4ume ben\u00f6tigen, wir stehen Ihnen mit unserer langj\u00e4hrigen Erfahrung und unserem Fachwissen zur Seite.Wir sind spezialisiert auf die Verlegung verschiedener Bodenbel\u00e4ge, darunter Laminat, Vinyl, Teppichboden, Fliesen, Design Bodenbel\u00e4ge und viele weitere Materialien. Wir legen [&hellip;]<\/p>\n","protected":false},"author":1,"featured_media":0,"parent":0,"menu_order":0,"comment_status":"closed","ping_status":"closed","template":"","meta":{"footnotes":""},"class_list":["post-61","page","type-page","status-publish","hentry"],"_links":{"self":[{"href":"https:\/\/www.malermeister-leicht.de\/index.php?rest_route=\/wp\/v2\/pages\/61","targetHints":{"allow":["GET"]}}],"collection":[{"href":"https:\/\/www.malermeister-leicht.de\/index.php?rest_route=\/wp\/v2\/pages"}],"about":[{"href":"https:\/\/www.malermeister-leicht.de\/index.php?rest_route=\/wp\/v2\/types\/page"}],"author":[{"embeddable":true,"href":"https:\/\/www.malermeister-leicht.de\/index.php?rest_route=\/wp\/v2\/users\/1"}],"replies":[{"embeddable":true,"href":"https:\/\/www.malermeister-leicht.de\/index.php?rest_route=%2Fwp%2Fv2%2Fcomments&post=61"}],"version-history":[{"count":26,"href":"https:\/\/www.malermeister-leicht.de\/index.php?rest_route=\/wp\/v2\/pages\/61\/revisions"}],"predecessor-version":[{"id":337,"href":"https:\/\/www.malermeister-leicht.de\/index.php?rest_route=\/wp\/v2\/pages\/61\/revisions\/337"}],"wp:attachment":[{"href":"https:\/\/www.malermeister-leicht.de\/index.php?rest_route=%2Fwp%2Fv2%2Fmedia&parent=61"}],"curies":[{"name":"wp","href":"https:\/\/api.w.org\/{rel}","templated":true}]}}